 divided by (1 + -4)/(2/(-10)).
12
Suppose 711 = 22*a + 57*a. What is the remainder when 175 is divided by a?
4
Let t(c) = c**3 + 6*c**2 - 22*c - 35. Let w be (-8 + 208/20)/((-6)/20). Calculate the remainder when 127 is divided by t(w).
10
Let k(t) = 5*t - 7. Suppose 3*l + 1588 = 5*p, -7*l + 949 = 3*p - 5*l. What is the remainder when p is divided by k(12)?
52
Calculate the remainder when ((-306)/3)/((-30)/220) is divided by 9.
1
Let o = -21 + 47. Suppose -4*z = 78*w - 80*w + 90, 3*z + 144 = 3*w. What is the remainder when w is divided by o?
25
Suppose 0 = -5*t - 2*y + 3003, 100*t + 3*y + 2407 = 104*t. What is the remainder when t is divided by 14?
13
Suppose 18*i = -1080 + 3510. What is the remainder when 522 is divided by i?
117
What is the remainder when 437 is divided by (13 - (-712)/(-24))*-3?
37
Let v = 13096 - 12870. Calculate the remainder when 804 is divided by v.
126
Calculate the remainder when 646 is divided by 66/143 + (-1660)/(-65).
22
Suppose m + 2*w - 4 = 0, -3*w - 2 = -3*m + 1. Suppose -452 + 402 = -m*u. Calculate the remainder when 65 is divided by u.
15
Let l(j) be the first derivative of j**4/4 + 10*j**3/3 + 6*j**2 + 3*j - 5. Let k be l(-9). Let u = k + 37. Calculate the remainder when 23 is divided by u.
10
Suppose 505 = 3*c + 2*h, 3*h + 390 = 4*c - 289. What is the remainder when 282 is divided by c?
113
Let u(c) = 10*c**3 - 6*c**2 + 53*c - 86. Calculate the remainder when 1059 is divided by u(2).
71
Let x(h) = 2*h**2 + 14*h - 65. Let t be x(-11). Let k(u) = -u**3 + 25*u**2 - 44*u - 7. Calculate the remainder when k(t) is divided by 18.
3
Let o = -331 - -595. Suppose o = 14*y + 40. Calculate the remainder when 57 is divided by y.
9
Let c be (-36)/(-48) - 10/(-8) - -7. Let t be -1*3/c*(-5 + -4). Suppose -54 = -t*n + 2*x, 0 = n + 4*x + x - 1. Calculate the remainder when 78 is divided by n.
14
Suppose w + 5*g - 247 = 0, 9*g - 1255 = -5*w + 4*g. What is the remainder when w is divided by 5?
2
Let f = -5087 - -5100. Calculate the remainder when 622 is divided by f.
11
Let b = 17172 - 15333. What is the remainder when b is divided by 610?
9
Let t be (42/(-15))/((-4)/240). Let s = 285 - t. Calculate the remainder when s is divided by 60.
57
Let m(w) = -3*w**2 + 114*w - 142. What is the remainder when m(28) is divided by 92?
54
Let j = -950 + 353. Let w = -337 - j. What is the remainder when w is divided by 24?
20
Calculate the remainder when 886 is divided by 8436/(-152)*8/(-4).
109
Suppose 0 = 107*o - 151*o - 130*o + 13224. Calculate the remainder when o is divided by 53.
23
Suppose -19*l = 51*l - 527 - 313. Suppose -2*f = -3*f + 87. Suppose 5*u + m - f - 88 = 0, 2*m = 0. What is the remainder when u is divided by l?
11
Let b(y) = -5*y**2 + 23*y**3 + 6*y**2 - 24*y**3 - 40 + 9*y**2. Calculate the remainder when b(9) is divided by 11.
8
Suppose 4*h = -2*r + 7260, -19*h = 5*r + h - 18080. Calculate the remainder when r is divided by 30.
14
Let c = -23171 + 23186. What is the remainder when 209 is divided by c?
14
Let p(d) = -6*d + 14. Let a(b) = -b - 1. Let l(v) = 3*a(v) + p(v). Let h = -138 + 157. Calculate the remainder when l(-5) is divided by h.
18
Let t(g) = -g**3 - 13*g**2 - 22*g + 13. Suppose 0 = 7*y + 68 + 9. What is the remainder when 43 is divided by t(y)?
4
Suppose 24*z = -54 + 270. What is the remainder when 904 is divided by z?
4
Suppose -20*v + 457 = -143. Suppose 3*i = -2*x - x + v, -5*i + x = -74. Calculate the remainder when 31 is divided by i.
3
Calculate the remainder when ((-13)/52)/((-26)/5616) is divided by 0 - (0 - 14)/2.
5
Let a = 1074 + -67. What is the remainder when a is divided by 125?
7
Let f be (-40)/(-100) - ((-3)/5 - 1). Suppose 4*w = f*w + 126. What is the remainder when w is divided by (2/((-8)/33))/(8/(-32))?
30
Let i(u) be the third derivative of -3*u**4/8 + 59*u**3/6 - 74*u**2. Calculate the remainder when 11*(-1)/2*-2 is divided by i(6).
1
Suppose 700 = -42*w + 3514. Calculate the remainder when 19628 is divided by w.
64
Let s = 4344 + -4058. What is the remainder when s is divided by 72?
70
Let h(w) = 17*w + 1. Suppose -88 = -3*m - 4*k + 64, 5*m = 4*k + 264. Calculate the remainder when h(8) is divided by m.
33
Let w(a) = -a**3 + 2*a**2 + 3*a + 4. Let z be w(3). Let y be ((-2)/8)/(z/(-16)) - -2. Suppose y*g = -0*g + 21. What is the remainder when 17 is divided by g?
3
Calculate the remainder when 18/10*(-25420)/(-123) is divided by 32.
20
Let f = -224 + 442. Let h = f + -145. Let l = 53566 + -53551. What is the remainder when h is divided by l?
13
Calculate the remainder when (-795)/(5 - (12 - 8) - 2) is divided by 100.
95
Let h(t) = -t**3 - 27*t**2 - 19*t + 32. Let a be h(-27). Let i = a + -530. Calculate the remainder when 146 is divided by i.
11
Let b = 1884 + -1194. Let q = -275 + b. Calculate the remainder when q is divided by 38.
35
Let f be 5/(5/252) + -1. Suppose -r + 3*l = -f, -r + 5*l - l + 254 = 0. What is the remainder when r is divided by 62?
56
Let x(f) = f**3 + 3*f**2 - 2*f + 19. Let z(a) = -19*a + 38. Let h be z(2). What is the remainder when 29 is divided by x(h)?
10
Let k(t) = -t**3 - 4*t**2 + 8*t - 4. Suppose 13 + 5 = 9*d. Suppose c + 3*c - 232 = -2*m, -d*c = 2*m - 118. What is the remainder when c is divided by k(-6)?
17
Suppose 0 = 3*q + 2*w + 534, 2*w = -2*w - 12. Let j = 180 + q. What is the remainder when 67 is divided by j?
3
Let l = 75 - 67. Suppose c - 4 = l. What is the remainder when 48 is divided by (-154)/(-6) - 8/c?
23
What is the remainder when -2 + (0 + 1)/(4/604) is divided by (135/60)/((-1)/(-8))?
5
Let j(h) = -h**3 - 4*h**2 + 92*h + 14. Let r be 2*(-2 - (1 + -1)). Let d(g) = -5*g + 2. Calculate the remainder when j(-12) is divided by d(r).
18
Let i be ((-8)/22)/(68/374). Suppose 75 = 4*x - h, -3*x + 3*h - 9 = -4*x. What is the remainder when 40*9/6*(-1)/i is divided by x?
12
Let v(g) = -4 + 4*g - 1 - 5. Let f be v(7). What is the remainder when ((-48)/f)/(1/(-6)) is divided by 6?
4
Let c = 15 - -46. Let d = c + -36. Let j(w) = w**2 + w - 13. Calculate the remainder when j(10) is divided by d.
22
Suppose -55 - 105 = -8*g. Suppose 2*a + 21 = 97. What is the remainder when a is divided by g?
18
Let i be 6/12*4 - -2. Suppose -3*d = l - 45, i*d - 105 = 3*l - 32. What is the remainder when 40 is divided by d?
8
Let z(c) = 3*c**3 - 6*c. Let d be z(6). Suppose 189 = w + 4*y, -3*w = -3*y - 0*y - d. Calculate the remainder when w is divided by 51.
48
Suppose -4*c + 11769 = z, -c + 2*z = 2*c - 8824. What is the remainder when c is divided by 109?
108
What is the remainder when 390 is divided by 68/(-21 + (-1474)/(-66))?
33
Let q(h) be the first derivative of h**2 + 83*h + 261. What is the remainder when 116 is divided by q(-12)?
57
Suppose 125838 = 504*u - 1170. Suppose -4*f + 138 = -2*f - 2*g, 2*g + 330 = 5*f. Calculate the remainder when u is divided by f.
60
Let q = -1489 - -4174. What is the remainder when q is divided by 64?
61
Let k(h) = h**3 + 3*h**2 - 23*h - 5. Let u be k(-8). Let b = u + 229. Calculate the remainder when b is divided by 29.
1
Let z(y) = -4*y**2 - 1 - 1 + 4*y**3 - 3*y**2 + 10*y - 3*y**3. Let r = -16 + 22. Calculate the remainder when z(6) is divided by r.
4
Let u be 5 + 612/10 - 4/(-5). Let k = u + -35. What is the remainder when 98 is divided by k?
2
Suppose 0 = 5*c - 45, -13304 = -5*o + 36*c - 37*c. Calculate the remainder when o is divided by 179.
153
Calculate the remainder when 184 is divided by ((-1)/(-95))/((-122)/(-1220)) - (-3437)/19.
3
Let h = -7120 + 7213. Calculate the remainder when h is divided by 76.
17
Suppose 0 = 8*i - 47 - 233. Let z = 57 - i. Calculate the remainder when z is divided by 6.
4
Let u be (-29)/(10/5 + -3)*2. Suppose -3*v - 125 = -0*a - 2*a, a + 3*v = u. What is the remainder when a is divided by 7?
5
Suppose 0 = -3*c - 2*q + 35, -c - q = -0*q - 11. Calculate the remainder when (833/(-17) + -1)*6/(-5) is divided by c.
8
Suppose 4*f - 28 = -0*f. Let n(g) = -7*g + 79. Suppose 4*v - 358 = 2*v. What is the remainder when v is divided by n(f)?
29
Suppose -5*p = 5*j - 2*j - 140, p - 5*j - 28 = 0. Let c(a) = -a**3 + 8*a**2 + 8*a + 34. Calculate the remainder when p is divided by c(9).
3
Let x be 1/(-3) - 1/(-3). Suppose 5*r + 179 - 624 = x. Suppose 2*q + r = 3*s, 4*q + 7 = 3. Calculate the remainder when 86 is di